
1
Let j = 2 - 7. Let l(g) be the second derivative of -g**5/20 - g**4/3 + g**3/2 - 2*g**2 + g. What is l(j)?
6
Let y(x) = x**3 + 11*x**2 + 9*x - 4. Let s be y(-10). Let w(b) = -1 + b**2 - 3 - 5*b - 2. What is w(s)?
0
Let j(k) = -k**2 + 12*k + 17. Let x be j(13). Let b(v) = 5*v - 3. Determine b(x).
17
Let p(h) = -h**3 + 8*h**2 + 5*h + 3. Let i(y) = y**2. Let f(g) = -4*i(g) + p(g). Give f(5).
3
Suppose -3*y - 8 + 35 = 0. Let b(q) = -q + 20. Calculate b(y).
11
Let g(u) = -u - 1. Let o be ((-10)/4)/((-3)/(-6)). What is g(o)?
4
Let y(c) = -12*c + 7*c + c. Determine y(4).
-16
Let x(v) = -v**2 - 5*v - 7. Let a be 3 + 24/(-8 + 5). Give x(a).
-7
Let g(l) = l + 2. Let p(r) = r**3 - 5*r**2 + 3*r - 3. Let b be p(4). Calculate g(b).
-5
Suppose -4*h = i + 8, -i - h + 5 - 4 = 0. Let u(g) = g**3 - 4*g**2 - 2. What is u(i)?
-2
Let q(p) = 4*p**3 + p - 11. Let n(m) be the third derivative of m**6/120 - m**3/6 - 3*m**2. Let k(w) = -5*n(w) + q(w). Let x be 4/(-18) + 4/18. What is k(x)?
-6
Let w(y) be the second derivative of -y**5/2 - y**4/6 - y**3/6 + 8*y. Give w(-1).
9
Let x(g) = -g**2 - 5*g + 3. Let v be 4*((-9)/(-4) + 0). Suppose 0 = -6*w + v*w + 15. Calculate x(w).
3
Suppose -5*l + 26 = 2*s - 12, -4*l = 3*s - 36. Suppose 6 = -3*n - l. Let c(h) = -h + 1. What is c(n)?
5
Let b be 3/(-6)*10*-1. Let v(f) = -4*f - 7 + 3*f + f**2 + b*f. Determine v(-5).
-2
Let d(c) = -1 + c**3 - 4 - 6*c**2 + 1 + 4*c. Suppose h - 2*h - 8 = 0. Let n be (20/16)/((-2)/h). What is d(n)?
-9
Let r(u) = -8*u**3 - u. Let x be -3 - ((-6)/3 - -2). Suppose 4*n - 6 - 2 = 0. Let a be (-1)/n + x/6. What is r(a)?
9
Let h = -12 - -12. Suppose h = -j - 6 + 1. Let b(s) = -7*s - 4*s**2 + 2*s**2 + s**2 - 6. What is b(j)?
4
Suppose 4*d - 3*h - 89 = -0*d, -2*h = 6. Let i = d + -12. Let f(b) = 11*b**3 - b + 5*b - 5*b**2 - i - 12*b**3. What is f(-6)?
4
Suppose 0 = -5*m + 3*d + 31, -m + 8*d = 3*d - 15. Let y(s) be the first derivative of s**4/4 - 2*s**3 + 4*s**2 - 4*s + 155. Give y(m).
11
Let g(p) = -p + 7. Let m be g(6). Let s be 3 + -4 - (-1)/m. Suppose s = -3*o - 3 - 9. Let t(d) = -d**2 - 4*d + 1. What is t(o)?
1
Suppose 90*j = 97*j - 28. Let k(f) be the first derivative of 3*f + j + 5/2*f**2 + 1/3*f**3. Give k(-5).
3
Let x(i) be the third derivative of -i**5/60 + 5*i**4/12 - i**3/6 + 20*i**2. Determine x(9).
8
Let a = 3 - 1. Let p(l) = 6 - l**3 - l**a + 0*l**2 - 2*l**2 + l + 6*l. What is p(-4)?
-6
Let r(q) = q + 1. Let k be r(2). Let z be 13/k + 3/(-9). Let t(a) = 7 - 2 + a - 2*a + z. Determine t(5).
4
Let g be 0/(-2*2/(-2)). Let s(x) = 3*x**2 + 2*x - 7. Let f(n) = -n**2 - n + 1. Let d(j) = -2*f(j) - s(j). Determine d(g).
5
Let c = -29 - -61. Suppose 3*y - z = -9 + 25, -5*y = -3*z - c. Suppose 4*b - y*k - 16 = 0, -3*k + 0*k = 6. Let w(q) = 3*q**2 - 2*q + 3. Calculate w(b).
11
Let a(w) be the third derivative of -w**5/30 - w**3/6 + 11*w**2. What is a(-3)?
-19
Let m(p) be the first derivative of p**2 + 4/3*p**3 + 0*p - 4. Calculate m(-2).
12
Let a(p) = -p**2 - 6*p - 5. Let z(x) = -2 - 2*x**2 - x - 7*x - 3*x - 7. Let i(j) = -5*a(j) + 3*z(j). Let h(t) be the first derivative of i(t). Give h(-5).
7
Let b(c) = c**2 + 5*c - 5. Let t(a) = -a**2 - 4*a - 1. Let s be 1/(1/5*-1). Let m be t(s). Determine b(m).
1
Let k(n) = n**2 - 3. Let s = -5 - -3. Let x = 46 - 41. Let c = s + x. What is k(c)?
6
Let g(c) = -45 + 21 - 5*c + 15 + 15. Calculate g(4).
-14
Let y(r) = r**3 - r**2 + r - 10. Suppose -4*w + w = 0. Calculate y(w).
-10
Suppose 5 = 7*b - 2*b. Let s(x) = -4*x**2 + 3*x**2 + 0 + b - 7*x. Let j be s(-7). Let i(v) = -2*v. Determine i(j).
-2
Let s = -4 - -7. Let b(p) = p + 2*p**2 - 2*p**3 + p + s*p**3. Let h = 3 + -5. Calculate b(h).
-4
Let g = 27 - 22. Let x(f) = f - f - g + f. Determine x(-5).
-10
Let c(p) = p**2 + 5*p. Let j(g) = 10*g + 4. Let l be j(-1). Determine c(l).
6
Let i(s) = -s**3 - 3*s**2 + 2. Suppose -18*p + 16*p - 4 = 0. Determine i(p).
-2
Let h(c) be the first derivative of -c**4/4 - c**3/3 - c**2/2 + 7*c - 1. Let j be (-12)/(-3) - (-1)/((-4)/16). Give h(j).
7
Let p(o) be the third derivative of -o**6/120 + o**4/12 - o**3/2 + 11*o**2. Suppose 35 = 5*h - 5*j - 0*j, j - 1 = -3*h. Calculate p(h).
-7
Let n(b) be the third derivative of b**7/2520 + b**6/180 - b**5/40 + b**4/8 + 2*b**2. Let q(c) be the second derivative of n(c). Calculate q(-4).
-3
Let y(x) be the third derivative of -11*x**5/60 - x**3/6 + 4*x**2. Calculate y(-1).
-12
Let s = 8 + 19. Let h be 2/(-9) - 29/(-9). Suppose 4*x - s = -h*z + 1, -4*z = -4*x. Let n(j) = -j + 1. Calculate n(z).
-3
Let b(d) = -3*d**2 + 6*d - 4. Let p(h) = -4*h**2 + 6*h - 5. Let f(l) = 3*b(l) - 2*p(l). Let x be ((-6)/(-4))/(12/32). Calculate f(x).
6
Let n(r) be the third derivative of -r**4/24 + r**3 + r**2. Suppose 5*y + l = -8, 5*y - 3*l + 2 - 6 = 0. Let m be (1 + y + 0)/2. Calculate n(m).
6
Let o(c) = c**3 - 2*c**2 + c - 4. Suppose 0 = -2*k + y + 5, -5*k + 18 = -0*k + 3*y. Determine o(k).
8
Suppose -5*i + 2*i = -18. Let a(x) be the first derivative of -x**4/4 + 2*x**3 - x**2/2 + 7*x + 14. Determine a(i).
1
Let w be ((-4)/(-6))/((-2)/(-9)). Suppose -w*t - 1 - 11 = 0. Let q(k) = -2*k - 3. Let d(v) = 5*v + 8. Let p(b) = t*d(b) - 11*q(b). What is p(2)?
5
Let o(c) = 2*c - 10. Let f be o(7). Suppose 0 = -f*d + 18 + 2. Let s(r) = -d + 6*r**2 + 4 + 3*r**2. Give s(-1).
8
Let z(j) = j - 5. Let x be (0 - (-6)/4)*-2. Let c(q) = 2*q + 1. Let u be c(x). Calculate z(u).
-10
Suppose 5*a = -3*w - 0*w, 0 = -5*w. Suppose 0 = -j + 3*m - a - 1, -j = m - 3. Let i(d) = 3 + 7*d - j - 2*d. What is i(1)?
6
Let v(w) be the first derivative of 1/4*w**4 + w**3 + 0*w + 1/2*w**2 + 3. Calculate v(-2).
2
Suppose -u - 5*x = 6, 4*x = 5*u - 10 - 18. Let c(t) = t**3 - 4*t**2 + 3*t + 2. Determine c(u).
14
Let p(x) = -7*x + 2*x + 3*x - x. Let b be p(1). Let j(y) be the first derivative of -y**4/4 - y**3 - 3*y**2/2 - 4*y + 1. Give j(b).
5
Let t(c) = -c**2 - 4*c. Let h(m) = 0*m + 2 - 1 - m + 1. Let w be h(6). Give t(w).
0
Suppose 3*y - 5*y + 10 = 0. Let b = y + -8. Let a(z) = z + 1 + 0 - 3. What is a(b)?
-5
Let p(c) = -5 - 2*c**2 + 7*c**2 - 4*c**2. What is p(0)?
-5
Let y(o) = 1. Let h(c) = -4*c - 12. Let j(q) = -h(q) - 5*y(q). Determine j(-7).
-21
Let c(i) = 8*i + 7*i**2 - i**3 - 8*i - 3*i. Give c(7).
-21
Let j = -107/2 - -55. Let y(l) be the first derivative of 1/3*l**3 + 0*l**2 + 1 + j*l**4 - l. What is y(1)?
6
Let k(b) be the third derivative of -b**9/60480 + b**8/4032 + b**7/5040 - b**6/180 + b**5/30 + 2*b**2. Let x(p) be the third derivative of k(p). Calculate x(5).
1
Suppose 3*m = -0*q + 2*q - 6, -3*m = -3*q + 6. Let s(o) = -o**3 - 4*o**2 - o + 2. Give s(m).
-4
Let n(a) = 16*a**2 + 3*a - 1. Let g(o) = -32*o**2 - 7*o + 2. Let t(v) = 4*g(v) + 9*n(v). Calculate t(-1).
16
Let p(n) be the first derivative of n**3 - n**2 - 3*n + 1. Suppose k + 3*f = -8, 6*k + 4 = k + 3*f. What is p(k)?
13
Let o(r) = -4*r - 10. Let x be o(4). Let u = x + 26. Let z(f) = f**3 - f**2 - f + 16. Determine z(u).
16
Let f(v) be the second derivative of v**5/20 + v**4/4 - v**3/6 - v**2/2 + 4*v. Determine f(-3).
2
Let i(m) be the second derivative of -m**2 - 1/60*m**5 - 2/3*m**3 + 1/12*m**4 + 0 + 2*m. Let a(o) be the first derivative of i(o). Give a(3).
-7
Let c(v) = -7*v**2. Let j = 8 - 5. Suppose 2*t + 0*d = d, -9 = -j*t - 3*d. Suppose -u + t - 2 = 0. Give c(u).
-7
Let a(i) = i. Let x(w) = w + 1. Let m(f) = -2*a(f) + x(f). What is m(1)?
0
Let q(x) be the first derivative of x**3/3 - x**2/2 + 2*x - 2. What is q(-2)?
8
Let z(i) be the first derivative of 1/3*i**3 + 1/360*i**6 + 1/40*i**5 + 0*i**2 + 0*i - 1/6*i**4 - 3. Let s(t) be the third derivative of z(t). Calculate s(-5).
6
Let h(n) = -n + 2. Let i be h(6). Let p(z) = -4*z + 5. Let k(g) = -11*g + 11. Let b(d) = 2*k(d) - 5*p(d). Determine b(i).
5
Let n(g) be the second derivative of g**3/6 - 9*g**2/2 + 33*g. What is n(0)?
-9
Let c(d) be the third derivative of -d**6/360 + 7*d**5/120 - d**3/2 + 3*d**2. Let q(l) be the first derivative of c(l). Give q(6).
6
Let s(x) = -2*x**3 + x**2 + x. Suppose 7*j + 20 = 2*j, n + 29 = -5*j. Let l = -10 - n. Give s(l).
2
Let l(m) be the second derivative of 3*m**6/40 + m**5/60 + m**2/2 - 3*m. Let q(i) be the first derivative of l(i). Determine q(-1).
-8
Let f(p) = 4*p - 3. Let r(x) = -1. Let u(w) = -f(w) + 6*r(w). Calculate u(-2).
5
Let n 